econd derivative of -l**4/3 - l**3/6 - 13*l**2/2 + 4*l. Let p(q) = -5*k(q) + x(q). Determine p(-6).
4
Let o(f) = -f**3 + 7*f**2 - 6*f - 3. Let t be (-8)/(-36) - 208/(-36). Give o(t).
-3
Suppose -4*v + 5 = -3. Let i(p) = 2*p - 3*p**2 + v*p**2 + 0*p**2. Determine i(3).
-3
Let r(d) be the second derivative of -d**4/12 + d**3/6 + d**2 + d. Suppose -44 = -3*y - y. Let q = -8 + y. What is r(q)?
-4
Let y(i) = i - 2. Suppose -2*f - 2*r = 8, -2*f = r + 3 + 4. Give y(f).
-5
Let v(g) = 4 - 3 + 0 + 9*g - 8 - g**2. Calculate v(8).
1
Let g(d) = 5*d**3 + 5*d**2 + 6*d - 2. Let k(z) = -4*z**3 - 5*z**2 - 5*z + 2. Let r(x) = 5*g(x) + 6*k(x). Give r(5).
2
Let n(d) = -d**2 - 3*d + 3. Let c be n(-3). Let o(r) = -2*r**2 + 7 - 2*r**2 + r**3 + 0*r**c - 5*r. Give o(5).
7
Let h(r) = -12*r**2 - 14*r**2 - r + 1 + 24*r**2. Calculate h(-2).
-5
Let q(n) = n**2 - n - 1. Suppose 14 = -4*w + 10. Determine q(w).
1
Let j = 4 - 4. Let r(q) be the third derivative of q**4/24 + 5*q**3/6 - 3*q**2. Give r(j).
5
Let g(k) = -k**2 + k + 2. Let z(n) = -3*n**2 + 9*n + 4. Let p be z(3). Calculate g(p).
-10
Let c(g) = 0*g + 0*g - 4 - 15 - g. Give c(0).
-19
Suppose -9*f - 5 = -8*f. Let v(r) = r**2 + 3*r - 7. Give v(f).
3
Let y = 1 + 12. Let n = y + -18. Let j(r) = r**3 + 6*r**2 + 6*r - 1. Calculate j(n).
-6
Let p(i) = -17*i**3 - 9*i**2 + 2*i - 5. Let f(y) = -9*y**3 - 4*y**2 + y - 2. Let w(h) = -7*f(h) + 3*p(h). Calculate w(-1).
-11
Let l(x) = -3*x - 5. Let s(u) = -u - 1. Let c(b) = -l(b) + 4*s(b). What is c(5)?
-4
Let i be (-3)/2*2 + 5. Let n(w) = -2 - 3*w - 3*w + 2*w. Calculate n(i).
-10
Let c(f) = 0 - f + 21*f**3 + 7*f**2 + 6*f - 20*f**3 - 1. Calculate c(-6).
5
Suppose 0*j - 3*j - 3 = 0. Let l(r) = 31*r - 1 - 19*r - 9*r. Calculate l(j).
-4
Let f(a) be the third derivative of -a**4/24 - a**3 + 2*a**2. Give f(0).
-6
Let g(y) = 4*y. Let t(b) be the third derivative of b**4/24 + b**3/3 - 3*b**2. Let n be t(-3). What is g(n)?
-4
Let v(q) = q + 2. Let h(w) = 1. Let o(p) = -6*h(p) + v(p). Give o(-4).
-8
Let p(u) be the first derivative of 1/4*u**4 - 3 - 5*u + 5/3*u**3 + 2*u**2. Determine p(-4).
-5
Let o(g) be the second derivative of g**6/180 - g**5/60 - g**4/8 + g**3 + 3*g. Let i(d) be the second derivative of o(d). Calculate i(-2).
9
Let f(a) = a + 2. Suppose 2*v + 4*o + 24 = 0, -3*v - o = -3*o + 12. What is f(v)?
-4
Let h be (-4)/(-2) + -5 + 37. Suppose k - h = 5*l, 26 + 4 = -3*l + 3*k. Let p(b) = -b - 2. Calculate p(l).
4
Let l(r) = r**2 - 6*r - 3. Let c(k) = -k + 2. Let g be c(-5). Calculate l(g).
4
Let a(h) = 2*h + 8. Let o be a(-6). Let n(v) = -3 + 5*v**3 - 4*v**3 + 2*v + 4*v**2 + 6. Let r be n(o). Let t(d) = d**2 + 5*d. Determine t(r).
0
Let y(m) = -4 + 3 - m**2 - 5*m - m**3 - 3*m + 6*m. Give y(-2).
7
Let y(i) be the first derivative of 5*i**4/24 + i**3/6 + i**2 - 3. Let o(t) be the second derivative of y(t). Determine o(2).
11
Let q(n) = 3*n + 7. Suppose 0 = -5*r + 28 - 8. Suppose -g + 5*g - 16 = -4*v, g - 3*v = r. Let x = g + -9. Calculate q(x).
-8
Let y(p) = -2*p - 1. Let d be y(-3). Let r(v) = -v + 4*v**3 - 3*v**3 + 5 + 3*v**2 - 8*v**2. Give r(d).
0
Let y(s) = 9*s**2 - 9*s - 1. Let f(w) = -5*w**2 + 5*w + 1. Let q(p) = -11*f(p) - 6*y(p). Suppose -12 = 3*l - 6*l. What is q(l)?
7
Let c = 2 + -8. Let f be 24/16*(18 - 0). Let x(j) = -j**2 + 2*j**2 - 20*j + f*j. Determine x(c).
-6
Let x(u) = -4*u + 3. Let f(w) = 2*w - 2. Let v(m) = 5*f(m) + 3*x(m). Give v(-3).
5
Let q(b) be the second derivative of -b**5/120 - b**4/24 + b**3/2 - 3*b. Let j(i) be the second derivative of q(i). What is j(1)?
-2
Let s(u) = -u**3 - 5*u**2 - 3*u + 2. Let a(h) = h**3 + 6*h**2 + 4*h - 2. Let l(i) = -4*a(i) - 5*s(i). Let z = 2 + -2. Suppose z = -3*n - 6. Determine l(n).
-4
Let v be 5 + ((-2)/(-1) - 1). Let i(p) = p**3 - 7*p**2 + 4*p + 5. Give i(v).
-7
Let c(q) = 7*q**2 + 3*q**2 - 5*q - 5 - 1 - 11*q**2. Calculate c(-6).
-12
Let i(z) = -4*z + 4*z**2 - 2*z**2 - z**2. Suppose -h + 28 = 5. Suppose 0 = -4*v - 3*j + 8, -2*v = -5*v + 2*j + h. Calculate i(v).
5
Let f(a) be the first derivative of a**4/4 + 4*a**3/3 - a**2 - 5*a - 32. Calculate f(-4).
3
Suppose 3*f - 2 = 7. Let h be (1 - f)/(1 - 0). Let x(d) = d**2 + 2*d + 1. Calculate x(h).
1
Let f(w) be the first derivative of w**3/3 - 7*w**2/2 + w + 1. Determine f(7).
1
Let g(j) = -j**3 - j**2 + j - 10. Suppose -4*u + 16 = -0*u. Suppose u*p = 3*p + 4. Let f be 1/p - (-2)/(-8). Calculate g(f).
-10
Let r(c) = 7*c**3 + 2*c**2 - 2*c + 1. Let n be 1/(-3) - 48/(-9). Let g = n + -4. Suppose -g - 4 = -5*d. What is r(d)?
8
Let l(b) be the second derivative of -b**3 - 3*b**2/2 - 14*b. What is l(-4)?
21
Let n(h) be the first derivative of -h**3/6 - h**2/2 - 3*h + 4. Let s(v) be the first derivative of n(v). What is s(-2)?
1
Let n(o) = o**2 - o. Suppose 4*d - 2*h = d + 16, 5*h = -4*d + 6. Suppose k - 3*k - d = 0. Determine n(k).
6
Suppose -9 = -3*a - 0*a. Let g(d) = -6*d + 0*d**2 - 1 + a*d**2 - 2*d**2 - 1. Calculate g(6).
-2
Let v(n) = -n - 1. Suppose 4*u + 0 = 4. Suppose -x = x - 12. Let t = u - x. Calculate v(t).
4
Let u(b) = -b - 2. Let z be u(-7). Let r(g) be the third derivative of 0 + g**2 + 7/24*g**4 - 5/6*g**3 - 1/60*g**z + 0*g. Calculate r(4).
7
Let b(k) be the first derivative of k**4/2 + k**3/3 + k**2/2 - 10. Calculate b(-1).
-2
Suppose -3*p = -15 - 3. Suppose 0 = 2*n - 0*n - p. Let k(m) = n + 2*m - 7 - 3*m. Calculate k(3).
-7
Let r(y) = 11*y**2 - 2*y + 1. Let u = -9 + 10. Calculate r(u).
10
Suppose 0*a - 35 = -5*q - 3*a, -2*a + 6 = -q. Let t(n) be the third derivative of 0*n + 0 - 3*n**2 - 1/24*n**q + 0*n**3. What is t(5)?
-5
Let m(q) = -3*q**3 + 8*q**2 - 9*q - 5. Let w(g) = 4*g**3 - 9*g**2 + 10*g + 6. Let d(t) = -5*m(t) - 4*w(t). Determine d(-5).
1
Let y(t) = 0*t + 3*t - 2*t + 12. Determine y(0).
12
Let d(m) = -4 - 5*m - m**2 + 3 - 5. Suppose 4*a - 2*l = -22, -l - 1 = -0*a + a. What is d(a)?
-2
Let x(z) = -z**3 - 2*z**2 - 2. Let y be x(-3). Let p = y + -9. Let u(q) = 2*q + q + 3 + q. Calculate u(p).
-5
Let s(k) = k**3 + 2*k**2 + 2*k + 1. Let g be 18/(-12) - 9/2. Let z = g + 4. Give s(z).
-3
Let j be (-50)/15 + 2/(-3). Let b = 4 + 0. Let g(i) = 2 - 3*i**3 + b*i**3 + 7*i + 5*i**2 + 2. Determine g(j).
-8
Let v = 1 - -2. Let b(n) = -2*n**2 + 5 + 8*n**2 + 2*n**3 + n - n**v. Let u be (-6 - (3 - 3)) + 0. Determine b(u).
-1
Let o(x) = -x**3 - 5*x**2 - 5*x - 2. Suppose 3*l - 26 = 2*c + 7*l, -27 = 4*c + 3*l. Give o(c).
-5
Suppose -4*l + 13 = -q, -3*q - 5 = 5*l - 0*q. Suppose 3*c + 1 = l*c. Let f(n) = -130*n. Let w(m) = -11*m. Let y(t) = 3*f(t) - 35*w(t). What is y(c)?
5
Let r(y) = -y**2 - y + 6. Let j be 1 - 1/(1/(-1)). Let i be (6/3 - j)/2. Determine r(i).
6
Let h be -6 - -5 - 1*-6. Let m = -5 + 7. Let z(x) = 4*x**m + 5*x + 0*x**2 - 7 - x**3 + 0*x. Calculate z(h).
-7
Let c(z) = -2*z - 1. Let w(g) = g - 10. Let i(n) = n - 11. Let o(j) = -5*i(j) + 6*w(j). Let a be o(7). Give c(a).
-5
Let n(z) = -z**3 - 5*z**2 - z - 5. Suppose -7*f = -10*f - 15. Give n(f).
0
Let r(p) = -p + 5. Suppose -o - 13 = -0. Let m(v) = 17*v - 1. Let b be m(-1). Let l = o - b. What is r(l)?
0
Let q be (-2 - -1)*(0 - -1). Let c be 1 + -2 + q - -2. Let l(y) = -y**3 - y + 1 + 2*y**2 + 0 + c*y + 2*y**2. Calculate l(3).
7
Suppose 5*s + 3*u = 18, 3 = s + 3*u + 9. Let h(n) = n**2 - n - 1. Let g(y) = -4*y**2 + 11*y - 1. Let m(c) = -g(c) - 3*h(c). What is m(s)?
-8
Let y(v) be the second derivative of v**4/12 - v**3/6 + 3*v**2/2 + 5*v. Calculate y(0).
3
Let c = -2 + 4. Let t(x) = x + x**c + 0*x**2 - 12*x**3 - x**2. Determine t(1).
-11
Let g(v) = 7*v - 5. Let k(d) = -11*d + 8. Let w(u) = -8*g(u) - 5*k(u). Suppose 5*j + 20 = 2*z, 4*j - 4*z = -j - 30. Determine w(j).
2
Let j(y) be the second derivative of 2*y - 1/6*y**3 + 0 + y**2. Let a(s) = s**3 - s**2 - 3. Let p be a(0). Calculate j(p).
5
Suppose -24*a + 5 = -29*a. Let u(r) = -10*r**2 + r + 1. Give u(a).
-10
Suppose -s - 2*s + 9 = 0. Suppose s*b + 12 = b. Let v(j) = j**3 + 7*j**2 + 6*j - 2. Give v(b).
-2
Suppose -7 - 2 = t - 2*v, -11 = -t - 2*v. Let g = -1 + 4. Let l(q) = q**3 - q - 1. Let x(a) = -a**3 + 2*a**2. Let d(c) = g*l(c) + t*x(c). What is d(-2)?
-5
Let r(q) = 5*q**2 + 1. Let w be -2 - 0/(-1) - -6. Suppose 4*o + w - 19 = -3*j, -16 = -5*o - j. Suppose -o*a = -8*a + 5. What is r(a)?
6
Suppose -4*h = h - 20, -5*h = -2*g - 28. Suppose 2*l - 16 = -2. Let q = l + g